osite number?
True
Is ((-396)/(-264) - 19/2) + 32122*3 a prime number?
False
Let f = -31 - -25. Let u be 4/f*(1 + -19). Let w = u - -197. Is w a composite number?
True
Suppose -16*k + 1873142 + 10100684 = 1643762. Is k a prime number?
True
Let r(m) = 529*m**2 + 2 - 2*m + 2 - 2. Suppose 108*b - 65*b - 43 = 0. Is r(b) composite?
True
Let y(r) = 196759*r + 1304. Is y(3) a composite number?
False
Let u(t) = -3*t - 4. Let w be u(-11). Let i = 198 - 195. Suppose 2*a + i = a + 5*m, -5*a + w = -3*m. Is a composite?
False
Let s(t) = t - 5. Let c be s(7). Let u = 2216 + -1959. Suppose -4*b + 5*f + 250 = -b, c*f - u = -3*b. Is b composite?
True
Let x(y) = -978*y + 86. Let o be x(-12). Suppose -o = 7*s - 9*s. Is s prime?
False
Suppose 0 = -3*z - 2*t + 151931, 405*t - 402*t = 5*z - 253250. Is z prime?
True
Suppose -9*g + 902920 = 14*g - 1133293. Is g prime?
False
Suppose 0 = 5*j - 20, j - 20 = -2*x - 4*j. Suppose x*d - 36678 = -3*d + a, 4*d = -4*a + 48920. Is d prime?
True
Let u = 136 - 128. Let p(y) be the second derivative of 7*y**4/12 - 7*y**3/6 + 5*y**2/2 - 3*y. Is p(u) composite?
False
Let g(y) = y**3 + y + 5. Let v be g(3). Suppose -5*x - 2*r = -13933, -31*x + v*x - 4*r = 11124. Is x a composite number?
True
Suppose 6*l + 15 = 3*l, l = -3*o + 19. Let y be 1628 + (o/6)/((-6)/(-18)). Let s = y + -253. Is s a prime number?
False
Let v be 30/(-3) + (-10)/2. Let n(j) = -3*j**3 - 8*j**2 + 6*j - 26. Is n(v) composite?
False
Let g(r) be the second derivative of 11*r**4/12 + 5*r**3/6 - 3*r**2/2 + 2*r. Let o = 445 + -443. Is g(o) prime?
False
Suppose -154377 + 2934672 = 15*m. Is m a prime number?
False
Let f = -3259 + 239336. Is f a composite number?
False
Let n = -328053 - 373356. Is 1/(-4) + n/(-148) a prime number?
False
Suppose 4*s + 240 = 4*d - 0*s, -6 = 3*s. Suppose 61*b - 3147 = d*b. Is b a prime number?
True
Let c(j) = 1435*j**2 + 13*j - 2. Let w be c(1). Let l = w - 797. Is l a composite number?
True
Suppose -y - 8 + 2 = 0. Let v be (y/2)/(12/(-16)). Suppose -v*b - b = -5305. Is b a prime number?
True
Let d = 1706004 - -35747. Is d a prime number?
False
Suppose -d + 7 = 2*c - 287, -1152 = -4*d + 4*c. Let h = -150 + d. Suppose 3*j = 5*y - 39 - h, -2*j = -5*y + 181. Is y composite?
False
Let l = 313 + -264. Suppose -19563 = -l*c + 46*c. Is c a prime number?
True
Let f(j) = 9*j - 40. Let s be f(5). Suppose -5*a = -s*y + 10*y - 15, -5*a = y - 3. Suppose -2*b = 3*b - 5*z - 6450, y*b - z - 3872 = 0. Is b a composite number?
False
Let c(x) = 135*x**2 - 13*x - 6. Let z(b) = -136*b**2 + 14*b + 5. Let j(t) = 4*c(t) + 3*z(t). Suppose -14*i - 38 + 136 = 0. Is j(i) a prime number?
True
Let r be 6 + (-3 - 0/(1/1)). Suppose -2*t - 7 = -r*t. Let d(j) = 48*j - 19. Is d(t) prime?
True
Let m(v) = -1442*v + 8. Let w(q) = 2886*q - 17. Let s(n) = 7*m(n) + 3*w(n). Let i be s(1). Let h = 1768 - i. Is h composite?
True
Suppose -4*k = -5*i + 81 + 294, -3*i + 225 = k. Let y be (-5310)/i + (-1)/5. Is y*(-10 + -1 + 1 + -1) composite?
True
Suppose 779822 = -18*h + 2465936. Is h a prime number?
False
Is 4*((-87254)/(-4) - 0) a composite number?
True
Let j(y) = -13726*y + 1595. Is j(-9) prime?
False
Let z(r) = 10*r - 12*r**2 + r - r + 2*r + 3 - 2*r**3. Let o be z(-11). Suppose -4*h + 4*j + 615 = -253, 4*j = 5*h - o. Is h composite?
True
Let u be (21 - 14)/((-5)/(-2930)). Let q = 7265 - u. Is q a prime number?
True
Let q(o) = -20*o**2 - 10*o + 12. Let p(w) = w**2 - 1. Let b(z) = -3*p(z) - q(z). Is b(-4) a prime number?
True
Let b(x) = 460*x**3 + 11*x**2 + 26*x - 40. Is b(7) a composite number?
True
Let j(x) = 6*x**2 + 53*x + 32. Is j(15) prime?
False
Let p(x) = -x**3 + 5*x**2 - 3*x + 19. Let w be p(5). Is ((-79898)/(-52))/(2/w) prime?
False
Let d = -51 - -52. Let m(c) = 6*c - 2. Let i be m(d). Suppose -5*j + 4*o - 3*o = -3535, -5*j = i*o - 3535. Is j composite?
True
Let k(o) = 105*o + 35. Let r(u) = 210*u + 71. Let g(y) = 5*k(y) - 3*r(y). Suppose b = 2*b + 11. Is g(b) composite?
False
Let c(d) = 546 + 1073 + 3*d - 480 - 4*d + 8*d**2. Is c(0) a composite number?
True
Suppose -16*i + 554916 + 465868 = 0. Is i composite?
False
Let s = -54505 + 91407. Suppose 6297 = 5*m - 2*t - s, -2*m + 4*t + 17270 = 0. Is m composite?
False
Suppose -8 - 1 = -3*m. Suppose -4*d - x - 17 = -d, -m*x = 3*d + 27. Is (-7204)/d*(0 - -1) a composite number?
False
Let g(y) = 12*y**2 - 262*y + 433. Is g(109) composite?
True
Is ((-6)/(-11))/3 - ((-86128)/11 - 1) a composite number?
True
Suppose 5*w = 5*j - 113525, 2*j = -0*j + w + 45414. Let c = j + -9365. Suppose 16*b = c + 17552. Is b a composite number?
False
Is (-167114)/(-10)*(80 + -42 - 33) prime?
True
Let a = 5839 + 3590. Suppose a = 4*o + 1537. Is o a composite number?
False
Suppose -2071*p - 10250675 = -2096*p. Is p composite?
True
Suppose 3*b = 15, -3*b - 21 = -4*s + 8. Suppose 6*r + 2 = -5*y, 2*r = -r + 5*y - 16. Is r/s - (-11541)/11 prime?
True
Let v(t) = -90 + 47 - t + 41 + t**2. Let z be v(2). Suppose 0*f + 5*f - 1465 = z. Is f composite?
False
Let o = -501718 + 854835. Is o composite?
False
Is (23/3 + -7)*6635205/30 a composite number?
False
Is 1/2*0 + (595104 - (-23 + 16)) prime?
False
Suppose 0 = -594*k + 620*k - 1120054. Is k a prime number?
False
Suppose 0 = -4*q - 19 + 3. Let g = q - -8. Suppose x - 4*x = g*l - 1445, 2*x - l - 956 = 0. Is x a composite number?
False
Suppose 0 = 3*y + 7*d - 3*d + 13334, -22212 = 5*y + d. Let p = y + 8389. Is p composite?
False
Suppose 117 = 2*p + 11161. Let i = 9468 + p. Is i a prime number?
False
Let q(k) = -247*k**2 - 26*k + 19. Let a(c) = -248*c**2 - 25*c + 18. Let l(d) = -7*a(d) + 6*q(d). Let r be l(9). Suppose 12*t + 3945 = r. Is t a prime number?
True
Let a = -361185 - -638828. Is a composite?
False
Suppose -107 = 4*t - 91. Let r be (-1)/t + 1/(-4)*-39. Suppose 2*d + r*d = 20316. Is d a composite number?
False
Let j(n) = -2774*n + 2. Let x be j(1). Is ((-332)/(-8))/(x/(-1384) - 2) prime?
False
Let y = 85 + -83. Suppose s - 4 = -y*w, -3*w - 2*w = -s + 11. Is (5 - s)/(1/(-251)) prime?
True
Suppose -1121177 = -26*l + 2633795. Is l a prime number?
False
Let m = 7927 + 114736. Is m prime?
True
Suppose 1 - 15 = -2*l + g, 16 = 4*g. Suppose -4*w - 125 = -l*w. Suppose -5*s = w, -22064 = -5*u + 5*s - 3804. Is u composite?
True
Suppose -14*g + 436 = -264. Is 647790/g - (-8)/(-10) a prime number?
False
Let m = 57 + -37. Let i be -2*(-4)/m + (-96)/(-10). Is 15 + (-7 - -1)/((-15)/i) prime?
True
Suppose 4*q + 93892 = 3*v - 231965, -1086134 = -10*v + 4*q. Is v composite?
True
Is (-2)/((21/7)/(-408279)) - 1 composite?
True
Suppose 3*v = 23*i - 22*i - 18042, v - 1 = 0. Suppose i + 84887 = 4*b. Is b prime?
True
Let t(x) = 57*x + 2. Let v(o) = 59*o + 2. Let j(u) = -3*t(u) + 2*v(u). Is j(-3) composite?
False
Suppose 3*z + 44 = -3*p + 272, -4*p + 299 = 5*z. Is ((-41619)/9 - 3)/((-54)/p) a prime number?
False
Suppose -25*z + 1526197 + 897628 = 0. Is z composite?
False
Let l(i) = -6*i**2 + 33*i - 1. Let h be l(7). Let r = 743 + h. Is r prime?
False
Let r = 52 - 52. Suppose -17*q + 60954 + 43511 = r. Is q composite?
True
Suppose -32*q + f - 6220 = -29*q, -2*f + 2 = 0. Let p = q - -18942. Is p composite?
True
Suppose -1045*i + 15 = -t - 1048*i, -i + 5 = -3*t. Suppose 4*r = -2*l - 0*r + 916, -l - 4*r = -464. Is l + -6*t/(-6) a composite number?
False
Let l(b) = 14614*b + 138. Is l(2) a prime number?
False
Suppose -6*x - 4*z - 36 = -2*x, 5*x + 37 = -z. Let p(f) = 6*f**2 - 61*f - 4. Is p(x) a composite number?
True
Let r be (-84)/(-7) - -8*(-3)/6. Let o(d) = -61*d - 2*d + r*d - 11 - 31*d. Is o(-17) composite?
False
Let b(u) = 334*u**3 + 6*u**2 + 5*u. Let v be b(-1). Is (-242144)/(-9) + (-37)/v a composite number?
True
Let n = -29 - -50. Let p be -4 - (-6 + 2)*2. Suppose p*d + 47039 = n*d. Is d a composite number?
False
Let g be (-2)/(5 + 305/(-60)). Let b(m) = -m**3 + 25*m**2 + 33*m + 50. Let i be b(g). Suppose -4*n = -6*n + i. Is n composite?
False
Let o be (-6)/(-9) - 0 - 20/30. Suppose o = -s + 21738 - 6641. Is s a composite number?
True
Let i(q) be the second derivative of 7*q**4/6 - 3*q**3/2 - 7*q**2/2 - 40*q. Suppose -3*h - 3*p + 4*p = -33, -4*h + p + 45 = 0. Is i(h) composite?
False
Suppose -46*z + 648 = -42*z. Suppose -i = -5*g + 287, 3*i = 3*g - i - z. Suppose g*q = 54*q + 6772. Is q composite?
False
Suppose 5*o - 1279 =